emainder when 52 is divided by 31?
21
Calculate the remainder when 376 is divided by 29.
28
What is the remainder when 5489 is divided by 122?
121
What is the remainder when 807 is divided by 37?
30
What is the remainder when 807 is divided by 18?
15
Calculate the remainder when 49 is divided by 12.
1
Calculate the remainder when 2362 is divided by 17.
16
Calculate the remainder when 392 is divided by 104.
80
Calculate the remainder when 387 is divided by 63.
9
Calculate the remainder when 413 is divided by 67.
11
Calculate the remainder when 152 is divided by 71.
10
What is the remainder when 55 is divided by 19?
17
Calculate the remainder when 6369 is divided by 909.
6
What is the remainder when 3518 is divided by 208?
190
Calculate the remainder when 265 is divided by 19.
18
Calculate the remainder when 179 is divided by 26.
23
Calculate the remainder when 2951 is divided by 154.
25
Calculate the remainder when 1309 is divided by 145.
4
What is the remainder when 829 is divided by 53?
34
What is the remainder when 5396 is divided by 30?
26
Calculate the remainder when 345 is divided by 46.
23
What is the remainder when 486 is divided by 238?
10
What is the remainder when 1282 is divided by 5?
2
What is the remainder when 170 is divided by 44?
38
What is the remainder when 57 is divided by 29?
28
What is the remainder when 139 is divided by 1?
0
Calculate the remainder when 142 is divided by 31.
18
Calculate the remainder when 154 is divided by 97.
57
What is the remainder when 68616 is divided by 22?
20
What is the remainder when 115 is divided by 13?
11
What is the remainder when 95 is divided by 54?
41
Calculate the remainder when 821 is divided by 11.
7
Calculate the remainder when 238 is divided by 19.
10
What is the remainder when 1261 is divided by 52?
13
Calculate the remainder when 91 is divided by 47.
44
What is the remainder when 92 is divided by 8?
4
What is the remainder when 746 is divided by 106?
4
What is the remainder when 512 is divided by 139?
95
Calculate the remainder when 3840 is divided by 23.
22
Calculate the remainder when 1082 is divided by 12.
2
What is the remainder when 884 is divided by 175?
9
What is the remainder when 1737 is divided by 58?
55
What is the remainder when 467 is divided by 51?
8
What is the remainder when 332 is divided by 42?
38
Calculate the remainder when 6479 is divided by 7.
4
Calculate the remainder when 7307 is divided by 84.
83
What is the remainder when 384 is divided by 191?
2
What is the remainder when 27 is divided by 18?
9
Calculate the remainder when 46 is divided by 25.
21
What is the remainder when 2112 is divided by 308?
264
Calculate the remainder when 390 is divided by 21.
12
What is the remainder when 1976 is divided by 43?
41
Calculate the remainder when 99 is divided by 45.
9
Calculate the remainder when 18358 is divided by 15.
13
Calculate the remainder when 600 is divided by 295.
10
What is the remainder when 79 is divided by 73?
6
Calculate the remainder when 833 is divided by 44.
41
What is the remainder when 64 is divided by 19?
7
What is the remainder when 263 is divided by 39?
29
Calculate the remainder when 18 is divided by 3.
0
Calculate the remainder when 1866 is divided by 12.
6
What is the remainder when 459 is divided by 33?
30
Calculate the remainder when 515 is divided by 271.
244
What is the remainder when 51 is divided by 16?
3
What is the remainder when 28 is divided by 14?
0
Calculate the remainder when 1909 is divided by 12.
1
What is the remainder when 120 is divided by 67?
53
Calculate the remainder when 443 is divided by 5.
3
What is the remainder when 159 is divided by 52?
3
Calculate the remainder when 61 is divided by 4.
1
Calculate the remainder when 4195 is divided by 42.
37
Calculate the remainder when 497 is divided by 125.
122
Calculate the remainder when 2099 is divided by 2078.
21
What is the remainder when 41 is divided by 29?
12
What is the remainder when 543 is divided by 271?
1
Calculate the remainder when 257 is divided by 53.
45
Calculate the remainder when 508 is divided by 32.
28
Calculate the remainder when 390 is divided by 32.
6
What is the remainder when 103 is divided by 35?
33
What is the remainder when 3330 is divided by 119?
117
Calculate the remainder when 1016 is divided by 112.
8
What is the remainder when 535 is divided by 77?
73
What is the remainder when 334 is divided by 102?
28
What is the remainder when 136 is divided by 71?
65
Calculate the remainder when 158 is divided by 36.
14
What is the remainder when 26 is divided by 10?
6
What is the remainder when 408 is divided by 18?
12
Calculate the remainder when 426 is divided by 3.
0
What is the remainder when 713 is divided by 281?
151
Calculate the remainder when 515 is divided by 86.
85
What is the remainder when 220 is divided by 106?
8
What is the remainder when 1199 is divided by 38?
21
What is the remainder when 297 is divided by 60?
57
What is the remainder when 482 is divided by 82?
72
What is the remainder when 23748 is divided by 9?
6
Calculate the remainder when 655 is divided by 7.
4
What is the remainder when 9306 is divided by 38?
34
Calculate the remainder when 418 is divided by 106.
100
Calculate the remainder when 49 is divided by 5.
4
Calculate the remainder when 179 is divided by 45.
44
What is the remainder when 12378 is divided by 459?
444
What is the remainder when 385 is divided by 72?
25
Calculate the remainder when 479 is divided by 13.
11
Calculate the remainder when 1546 is divided by 9.
7
Calculate the remainder when 439 is divided by 238.
201
What is the remainder when 556 is divided by 93?
91
What is the remainder when 1034 is divided by 14?
12
Calculate the remainder when 1333 is divided by 115.
68
What is the remainder when 634 is divided by 238?
158
Calculate the remainder when 1733 is divided by 31.
28
Calculate the remainder when 9 is divided by 6.
3
What is the remainder when 428 is divided by 190?
48
What is the remainder when 214 is divided by 9?
7
What is the remainder when 45388 is divided by 10?
8
Calculate the remainder when 1146 is divided by 48.
42
Calculate the remainder when 140 is divided by 72.
68
Calculate the remainder when 362 is divided by 115.
17
Calculate the remainder when 144 is divided by 59.
26
Calculate the remainder when 183 is divided by 11.
7
What is the remainder when 119 is divided by 40?
39
What is the remainder when 1600 is divided by 115?
105
What is the remainder when 165 is divided by 37?
17
What is the remainder when 16 is divided by 8?
0
Calculate the remainder when 654 is divided by 39.
30
Calculate the remainder when 219 is divided by 13.
11
Calculate the remainder when 27 is divided by 11.
5
What is the remainder when 321 is divided by 47?
39
Calculate the remainder when 8514 is divided by 15.
9
What is the remainder when 242 is divided by 129?
113
What is the remainder when 913 is divided by 15?
13
Calculate the remainder when 2319 is divided by 105.
9
Calculate the remainder when 4892 is divided by 31.
25
What is the remainder when 339 is divided by 22?
9
What is the remainder when 123 is divided by 30?
3
What is the remainder when 3133 is divided by 98?
95
Calculate the remainder when 412 is divided by 49.
20
What is the remainder when 273 is divided by 6?
3
Calculate the remainder when 1084 is divided by 181.
179
Calculate the remainder when 80 is divided by 65.
15
What is the remainder when 107 is divided by 30?
17
Calculate the remainder when 155 is divided by 41.
32
Calculate the remainder when 344 is divided by 111.
11
What is the remainder when 80 is divided by 23?
11
What is the remainder when 354 is divided by 59?
0
Calculate the remainder when 152 is divided by 49.
5
Calculate the remainder when 1038 is divided by 27.
12
Calculate the remainder when 343 is divided by 12.
7
What is the remainder when 273 is divided by 138?
135
What is the remainder when 117 is divided by 17?
15
Calculate the remainder when 103 is divided by 22.
15
Calculate the remainder when 837 is divided by 169.
161
What is the remainder when 141 is divided by 16?
13
What is the remainder when 328 is divided by 55?
53
Calculate the remainder when 418 is divided by 53.
47
Calculate the remainder when 100 is div